 7, 193, 197551
What are the prime factors of 29818590?
2, 3, 5, 31, 32063
What are the prime factors of 1192143825?
3, 5, 43, 13691
List the prime factors of 114942648.
2, 3, 4789277
What are the prime factors of 676053769?
1867, 362107
What are the prime factors of 188281343?
193, 975551
List the prime factors of 71315465.
5, 13, 37, 2281
What are the prime factors of 4105910057?
17, 241524121
List the prime factors of 81516715.
5, 7, 23, 131, 773
List the prime factors of 104845560.
2, 3, 5, 89, 9817
What are the prime factors of 1196330650?
2, 5, 571, 41903
List the prime factors of 6057775077.
3, 113, 1579, 11317
List the prime factors of 87157575.
3, 5, 131, 2957
List the prime factors of 6186816046.
2, 23, 67, 2007403
List the prime factors of 2617176427.
29, 3061, 29483
List the prime factors of 6998362093.
19, 368334847
List the prime factors of 15127444.
2, 29, 130409
What are the prime factors of 1082899294?
2, 23, 79, 297991
What are the prime factors of 230907408?
2, 3, 41, 117331
List the prime factors of 10822939.
2069, 5231
What are the prime factors of 33328923?
3, 59, 188299
List the prime factors of 30838292.
2, 19, 405767
What are the prime factors of 199447680?
2, 3, 5, 73, 1423
What are the prime factors of 223926497?
107, 2092771
What are the prime factors of 342101027?
31, 11035517
What are the prime factors of 864948640?
2, 5, 443, 12203
List the prime factors of 317329459.
23, 71, 194323
List the prime factors of 1404816654.
2, 3, 761, 307669
What are the prime factors of 39969388?
2, 19, 525913
List the prime factors of 674609192.
2, 167, 504947
List the prime factors of 6806122848.
2, 3, 7, 19, 6581
What are the prime factors of 200170998?
2, 3, 1427, 7793
What are the prime factors of 2161721673?
3, 173, 719, 1931
What are the prime factors of 196446111?
3, 19, 101, 34123
What are the prime factors of 3086131909?
7, 440875987
What are the prime factors of 373823509?
373823509
List the prime factors of 1810464554.
2, 733, 1234969
What are the prime factors of 246962228?
2, 19, 137, 23719
List the prime factors of 5692387787.
21401, 265987
List the prime factors of 356370395.
5, 23, 3098873
List the prime factors of 1591424661.
3, 11467, 46261
List the prime factors of 34425868.
2, 1931, 4457
List the prime factors of 111569235.
3, 5, 19, 29, 13499
What are the prime factors of 24162265?
5, 151, 32003
What are the prime factors of 1636906543?
1636906543
List the prime factors of 559778271.
3, 13, 29, 71, 6971
List the prime factors of 51535330.
2, 5, 7, 11, 17, 31, 127
List the prime factors of 13990370.
2, 5, 1399037
What are the prime factors of 931140923?
19, 47, 163, 6397
What are the prime factors of 104858738?
2, 103, 509023
What are the prime factors of 162866186?
2, 7, 41, 47, 6037
List the prime factors of 330821300.
2, 5, 61, 193, 281
What are the prime factors of 4153805079?
3, 41, 33770773
List the prime factors of 96175974.
2, 3, 677, 23677
List the prime factors of 478329086.
2, 239164543
List the prime factors of 1164286285.
5, 12011, 19387
List the prime factors of 220005141.
3, 179, 409693
What are the prime factors of 272148946?
2, 59, 1031, 2237
What are the prime factors of 1439275856?
2, 101, 103, 8647
List the prime factors of 1850867017.
23, 43, 479, 3907
List the prime factors of 217969127.
47, 331, 14011
List the prime factors of 2158985697.
3, 11, 1777, 3347
List the prime factors of 2669638637.
2669638637
What are the prime factors of 1908508225?
5, 13, 83, 139, 509
What are the prime factors of 1064125449?
3, 29, 47, 223, 389
What are the prime factors of 666419761?
7, 257, 370439
What are the prime factors of 322633765?
5, 23, 2805511
List the prime factors of 198673106.
2, 107, 727, 1277
What are the prime factors of 2063636776?
2, 7459, 34583
List the prime factors of 1622346672.
2, 3, 33798889
What are the prime factors of 3551704694?
2, 19, 93465913
What are the prime factors of 105255983?
7, 47, 319927
What are the prime factors of 16949478?
2, 3, 7, 13, 37, 839
List the prime factors of 297851246.
2, 7, 11, 1934099
What are the prime factors of 290528096?
2, 17, 534059
What are the prime factors of 78537141?
3, 47, 199, 311
What are the prime factors of 147840393?
3, 61, 807871
List the prime factors of 1248946661.
16481, 75781
What are the prime factors of 114346795?
5, 937, 24407
What are the prime factors of 175847269?
13, 17, 53, 15013
List the prime factors of 90337687.
11, 8212517
What are the prime factors of 316267875?
3, 5, 7, 11, 1217
What are the prime factors of 638673310?
2, 5, 11, 5806121
List the prime factors of 66511074.
2, 3, 7, 467, 3391
What are the prime factors of 324678982?
2, 43, 97, 38921
List the prime factors of 58045258.
2, 41, 707869
What are the prime factors of 4527755163?
3, 17, 617, 47963
What are the prime factors of 79520994?
2, 3, 7, 71, 2963
What are the prime factors of 1117703190?
2, 3, 5, 37256773
What are the prime factors of 952314265?
5, 7, 31, 125387
What are the prime factors of 41658466?
2, 17, 439, 2791
List the prime factors of 1471799399.
7, 43, 61, 71, 1129
List the prime factors of 4943599066.
2, 7, 353114219
What are the prime factors of 2209039911?
3, 13, 6293561
List the prime factors of 169969033.
13, 13074541
List the prime factors of 3033841920.
2, 3, 5, 790063
List the prime factors of 6723098.
2, 41, 163, 503
What are the prime factors of 2267559049?
7, 53, 701, 8719
List the prime factors of 212286059.
212286059
List the prime factors of 220886770.
2, 5, 13, 1699129
What are the prime factors of 11055756?
2, 3, 179, 5147
List the prime factors of 154639865.
5, 30927973
List the prime factors of 23304631.
7, 3329233
What are the prime factors of 260206276?
2, 11, 449, 13171
List the prime factors of 2172555207.
3, 103, 2343641
What are the prime factors of 989667300?
2, 3, 5, 3298891
List the prime factors of 93379834.
2, 46689917
List the prime factors of 36548886.
2, 3, 11, 23, 24077
What are the prime factors of 173005889?
7, 17, 1453831
List the prime factors of 394092184.
2, 953, 51691
What are the prime factors of 354056879?
11, 523, 61543
List the prime factors of 509427262.
2, 254713631
List the prime factors of 61732601.
7, 1049, 1201
What are the prime factors of 21431593?
21431593
List the prime factors of 69270816.
2, 3, 721571
List the prime factors of 148388247.
3, 7, 785123
What are the prime factors of 6213270855?
3, 5, 11, 83, 631, 719
What are the prime factors of 31741130?
2, 5, 73, 43481
List the prime factors of 116303755.
5, 23, 337, 3001
What are the prime factors of 913291816?
2, 17, 109, 61609
List the prime factors of 87550636.
2, 3037, 7207
List the prime factors of 976575907.
89, 181, 60623
List the prime factors of 964519130.
2, 5, 2161, 44633
What are the prime factors of 61386887?
61386887
What are the prime factors of 170535513?
3, 4679, 12149
What are the prime factors of 396062353?
19, 71, 331, 887
List the prime factors of 538570123.
7, 13, 641, 1319
What are the prime factors of 602914501?
7, 86130643
What are the prime factors of 1084706336?
2, 7, 233, 2969
List the prime factors of 806769343.
806769343
List the prime factors of 164382921.
3, 18264769
List the prime factors of 88734404.
2, 11, 2016691
List the prime factors of 1681051431.
3, 560350477
List the prime factors of 376681.
29, 31, 419
List the prime factors of 1780083618.
2, 3, 296680603
List the prime factors of 45241315.
5, 7, 1292609
List the prime factors of 1809883966.
2, 11, 2087, 39419
List the prime factors of 30862511.
281, 109831
List the prime factors of 1171473227.
1171473227
What are the prime factors of 76203013?
647, 117779
What are the prime factors of 38863624?
2, 4857953
What are the prime factors of 53098489?
4093, 12973
What are the prime factors of 2202952134?
2, 3, 47, 1031, 7577
What are the prime factors of 174114028?
2, 11, 29, 136453
List the prime factors of 428138822.
2, 479, 446909
What are the prime factors of 1242795520?
2, 5, 83, 5849
List the prime factors of 540831565.
5, 1373, 78781
List the prime factors of 238387461.
3, 13, 421, 14519
What are the prime factors of 357378406?
2, 7, 11, 2320639
What are the prime factors of 89463108?
2, 3, 7, 1065037
What are the prime factors of 4669764